et f(s) = -m(s) + 3*o(s). What is the tens digit of f(2)?
7
Suppose -2*k = 5*l - 90, 0 = 22*l - 18*l + 5*k - 72. Suppose 0 = -l*n - 2*n + 8820. What is the units digit of n?
1
Suppose -32*u + 26*u = -30. Suppose u*m + 265 = w, 0 = 5*w - 4*m - 678 - 647. Suppose 2439 + w = 13*o. What is the tens digit of o?
0
Let b(c) = 9*c**2 + 134*c + 155. What is the thousands digit of b(-41)?
9
Let v be (0 + (-35)/(-14))/((-1)/(-2)). Suppose v*r = -0*r + 4740. What is the units digit of r?
8
Suppose 254*k - 2978433 = 1182785 + 4777042. What is the units digit of k?
0
Let n = -14438 - -36095. What is the units digit of n?
7
Let r = -4711 - -5548. What is the hundreds digit of r?
8
Suppose 5*h = -5*l + 5, 2*h + 2*l = -3*l - 1. Let k be 7 - 4 - h - (-6)/(-2). What is the tens digit of 4/((-24)/(-158)) - k/3?
2
Let m be 157 + 1 + (0 - 0). Suppose u = q + 4*q - m, -q = -2*u - 280. Let c = u - -225. What is the units digit of c?
7
Let k(i) = -239*i**3 + 12*i**2 + 5*i + 14. What is the thousands digit of k(-2)?
1
Let j(o) = -3*o + 120. Let k be j(25). Let l = k - -42. What is the tens digit of l?
8
Suppose 0*v = -3*v - 2*a + 2921, -2*v - 2*a = -1944. Let q = v + -296. What is the hundreds digit of q?
6
What is the hundreds digit of (-55 + 35)*1761/(-6)?
8
Suppose 2*m - 57 - 17 = -4*k, -2*m = k - 23. What is the units digit of (-2)/k - (-112032)/306?
6
Suppose 17*f - 8 = 13*f. Let p(m) = 25*m**3 + 3*m - 16. Let s(q) = 17*q**3 + 2*q - 11. Let a(w) = 5*p(w) - 7*s(w). What is the tens digit of a(f)?
4
What is the units digit of -94*(-3 + (-1331)/22)?
9
What is the ten thousands digit of ((-12)/9 + (-40)/(-48))*-61974?
3
Suppose -4*p - 2 = -22. What is the hundreds digit of (p - 19)*-20 + 1*4?
2
Let s = 14 + 32. Suppose -i + 4*z + z = -s, 5*i - 4*z - 230 = 0. What is the tens digit of i?
4
Suppose 139*x = 51*x. Let s = 707 - 70. Suppose 4*q = -4*o + 616, 4*o - 3*q + x*q - s = 0. What is the hundreds digit of o?
1
Suppose 3*a + 4 = 7, 2*a = b + 2. Suppose 0 = -5*u + 3*t + 28 + 931, -u + 4*t + 202 = b. What is the hundreds digit of u?
1
Suppose -11*q + 3*q = 16. Let d(m) = 8*m - 4. Let b be d(q). What is the tens digit of (0 + 0 + b)*(2 + -14)?
4
Suppose 6*i = -2*i + 4*i. Suppose 0 = f + 4*t + 4, i = 3*f - 5*f - 3*t - 13. Let j(c) = c**3 + 8*c**2 - c + 20. What is the units digit of j(f)?
8
Let f(i) = 2*i**2 + 13*i + 92. Let y be f(27). Suppose -3*c + y = 2*x, -c = -4*x - 33 - 610. What is the hundreds digit of c?
6
Suppose -4*r + 5*c - 1503 = 641, 2*c = 8. Let i = -90 - r. What is the tens digit of i?
4
Let h(q) = q**3 + 7*q**2 - 500*q + 15. What is the hundreds digit of h(23)?
3
Let r(p) = -2*p - 6. Let l be r(-3). Suppose -12*n + 7*n + 215 = l. Let t = 55 - n. What is the units digit of t?
2
Suppose -m + 182 = -145. Let c = m + 261. What is the tens digit of c?
8
Suppose 61*o - 37965 - 1658689 = 0. What is the tens digit of o?
1
Let v = -5520 - -10788. What is the thousands digit of v?
5
Let n(k) = k**3 - 7*k**2 + 3*k + 20. Let s be n(6). Suppose -7*b + s*b = -4*c + 194, b = 2. What is the tens digit of c?
5
Suppose 3*p = -u + 54691, -69*p = 5*u - 70*p - 273439. What is the tens digit of u?
8
Suppose -54 + 64 = -2*k, -4*k = 4*z - 57312. What is the tens digit of z?
3
Let u = 32 + -27. Suppose 5*s - 98 = -a, -3*a + s = u*s - 305. What is the units digit of a?
3
Let a(z) = 60*z + 36. Let n = 56 - 48. What is the tens digit of a(n)?
1
Suppose 2*q = -2, -31*y - 4*q - 52420 = -34*y. What is the thousands digit of y?
7
Let f be -3*(-4)/(-24)*-4. Suppose 5 = -5*y - 5*d, 4*y - f*d - 2*d - 36 = 0. Let n(o) = 10*o - 22. What is the tens digit of n(y)?
1
Let q(m) = m**3 - 12*m**2 + 14*m + 3. Let i be q(11). Let t = -34 + i. Suppose 3*r - 11 = t*o + 137, -4 = 2*o. What is the tens digit of r?
4
Let z be 18/12*2/3 + 2. Suppose z*x = x - 28. Let q(k) = k**3 + 13*k**2 - 18*k + 15. What is the units digit of q(x)?
1
Let h(k) = -2*k**3 - 17*k**2 - 9*k + 3. Suppose 0 = -11*f - 4*f - 150. What is the units digit of h(f)?
3
Let d = -43 + -7. Let r = 81 + d. Suppose w - r - 46 = 0. What is the tens digit of w?
7
Suppose -56 = -2*q + 3*w - 17, w = q - 21. Let b(g) = 9*g - 88. What is the hundreds digit of b(q)?
1
Let k(q) be the second derivative of 8*q**4/3 + q**2 + q. Let d(i) = -3*i**2 + 58*i - 74. Let c be d(18). What is the units digit of k(c)?
0
Suppose -3*w = -2*b - 69988, 0 = 2*w + 3*b - 10952 - 35737. What is the tens digit of w?
3
Suppose -n - 337 = -6*n + 3*m, -3*n + 199 = -m. Let a = 73 - n. Suppose 0 = 5*y - 5*w - 590, 5*w = w + a. What is the tens digit of y?
2
Let s(h) = -h - 8*h**2 + 7*h**2 - 16 - 2*h + 13*h. Let g be s(8). What is the hundreds digit of (g + 2/(-6))/((-11)/4125)?
1
Let z(a) = -3*a + 38. Let v be z(0). Suppose 0 = -v*n + 34*n - 208. What is the tens digit of (n/36*3)/(2/(-12))?
2
Let j(k) = k - 8. Let f be j(27). Suppose -11*l - 184 = -f*l. Let c = l - 14. What is the units digit of c?
9
Let p(w) = 2*w**2 - 11*w - 3. Let r be p(5). Let z be ((-15)/20)/((-2)/r). What is the hundreds digit of (-10)/z*1044/30?
1
Suppose 5*f = 3*w - 23 + 7, -5*f = 5*w - 40. Suppose 831 = w*k - 6372. What is the units digit of k?
9
Let b = 14359 + -7544. What is the thousands digit of b?
6
Let t = -34 + 44. Let u(d) = d**2 - 6*d - 36. Let r be u(t). What is the units digit of (8/16)/(2/r)?
1
Let f = -94 + 421. Let n = -151 + f. What is the tens digit of n?
7
Suppose 2*d + 5 = t, 2*t - 1 = 2*d + 9. Suppose t*g - 476 + 41 = 0. Let l = 133 - g. What is the units digit of l?
6
Suppose -16*q + 9 + 39 = 0. Let p(o) = 120*o - 57. What is the units digit of p(q)?
3
Suppose 5*v + 20 = 5*m, -4*v = -0*v. What is the tens digit of (m - 5)/(2/(-754))?
7
Let q(p) = -46 - 7 + 254 + 28*p. What is the units digit of q(14)?
3
Suppose 93*k - 98*k + 8565 = 0. Suppose -2*m - k = -7*m + 4*a, 0 = -m - 4*a + 357. What is the hundreds digit of m?
3
Let d = 4051 + -1658. Let o = -1653 + d. What is the hundreds digit of o?
7
Let o(f) be the first derivative of 5*f**3/3 - 29*f**2/2 - 215*f + 153. What is the units digit of o(-14)?
1
What is the ten thousands digit of (-2)/(-12) + 23472265/1506?
1
Let a = 220 - 117. Suppose 201 + a = 4*k. Let g = 15 + k. What is the tens digit of g?
9
Let h = 44 + -15. Let j = 35 - h. Suppose -j*f + 5*f = -47. What is the units digit of f?
7
What is the hundreds digit of (-1)/6 + (3 - 229485/(-18))?
7
Let h = -2847 - -22150. What is the thousands digit of h?
9
Suppose 2*r + 11943 = j, -r = j + 4214 - 16142. What is the thousands digit of j?
1
Let x be (-3)/(-9) + (-16)/(-6) + -23. Let z = x - -22. Suppose -6*v + 2*v = -3*o - 63, 3*v = -z*o + 26. What is the tens digit of v?
1
Let j(r) = 449*r**3 - 2*r**2 + r + 1. What is the units digit of j(1)?
9
Suppose -s = 4*s + 5*t + 10, 3*s + 4*t + 1 = 0. Let c(u) be the first derivative of -31*u**2/2 - 3*u - 291. What is the units digit of c(s)?
4
Let a be 2/(10199/5096 - 2). Let d = a + 144. What is the units digit of d?
0
Let l(c) = 3*c**3 - 24*c**2 - 19*c - 81. Let u(h) = -4*h**3 + 26*h**2 + 20*h + 82. Let r(i) = -5*l(i) - 4*u(i). What is the tens digit of r(-10)?
2
What is the thousands digit of (-33 - -66)/33*5849/(4 + -3)?
5
Suppose 5*x = 4*n - 33391, -16718 = -261*n + 259*n - 2*x. What is the units digit of n?
4
Let w = 64 + -120. Let z = -51 - w. Suppose 62 = z*a - 4*a. What is the tens digit of a?
6
Let x(g) = -19412*g + 2897. What is the hundreds digit of x(-2)?
7
Let v = 0 - 0. Let d(c) = c**3 + 2*c**2 - 4*c + 4. Let o be d(1). Suppose v = -5*u + o*m + 278, -2*u - 3*m = -4*u + 104. What is the tens digit of u?
5
Suppose -7*g + 499 = -810. Suppose 0 = -4*m + 5*p + 1908, 3*p + 283 = m - g. What is the hundreds digit of m?
4
Suppose -38*p + 40*p + b = 842, 2*b + 854 = 2*p. What is the hundreds digit of p?
4
Let c be 0 + -2 - (-15 + 11). Suppose -c*t = -0*t - 16. What is the tens digit of 4/t*398 + -3?
9
What is the units digit of 3/9 + 0 - 32056/(-24)?
6
Let g be -2 + 3 - (9 - 14). Suppose g*z - 922 - 56 = 0. What is the hundreds digit of z?
1
Let o be 8 - (-16)/(11 + -3). Suppose -o*y - 3*y + 7059 = 0. What is the hundreds digit of y?
5
Let p be (-8)/(-5) - (-2)/5. Let x = -2829 + 3349. Suppose -4*a + 496 = 4*j, 4*j = -p*a + 6*a - x. What is the hundreds digit of a?
1
Let v(r) = 23*r**3 - 3*r**2 - 63*r + 483. What is the